ivided by d?
4
Let s = -933 + 962. Calculate the remainder when 77 is divided by s.
19
Suppose -3 = 5*l + 3*a, 5*l - 4*a + 4 = 8. Let f(y) = y**2 - 6*y + 51. What is the remainder when f(l) is divided by 9?
6
Let p = 57 - 55. Suppose 3*y = 5*v + 86 + 190, 3*y = -p*v + 297. Calculate the remainder when y is divided by 25.
22
What is the remainder when (-47271)/(-63) - (-2)/3 is divided by 58?
55
Suppose -3*p + 0*p = -117. Suppose 100 = 166*j - 161*j. What is the remainder when p is divided by j?
19
Let t = -1171 + 1191. Calculate the remainder when t is divided by 14.
6
Let z = -46 - -49. What is the remainder when z is divided by 2?
1
Suppose 2*u - 3*r - 20 = r, 4*r - 40 = -4*u. What is the remainder when ((-3)/5)/((-4)/120) is divided by u?
8
Calculate the remainder when (44 + -42)/(3 + (-1140)/381) is divided by 58.
22
Suppose -6 + 38 = -4*c. Let h(k) = -k**2 - 8*k + 6. Calculate the remainder when h(-7) is divided by 1 + c*(-3)/6.
3
Let f(a) = a**3 - 8*a**2 - 7*a - 15. Let m be f(9). What is the remainder when (-16)/(-24) + 250/m is divided by 22?
18
Suppose -3*c + 36 = 2*h, 28*c - 18 = -h + 31*c. What is the remainder when h is divided by (-1)/(0 - (-1)/(-13))?
5
Let k(v) = v**3 - 7*v**2 + 6*v - 17. Let f be (1/(-3))/(2*(-3)/126). What is the remainder when 48 is divided by k(f)?
23
Suppose 0*d + d - x - 83 = 0, -d - 5*x + 77 = 0. Suppose 14*z = 12*z + 24. Calculate the remainder when d is divided by z.
10
Let l = 2962 + -2933. Suppose 2*w + 92 = h, -7*h - 4*w + 404 = -2*h. What is the remainder when h is divided by l?
26
Let w(o) = 4*o + 66. Suppose 18 = -4*y + 102. What is the remainder when 2/(-10) + y/5 is divided by w(-16)?
0
Let x = -127 - -99. What is the remainder when (6 + x)*2/(-4) is divided by 3?
2
Suppose 197 = 2*z + 205, 5*z = g - 719. What is the remainder when g is divided by 18?
15
Let z = 13 - 16. What is the remainder when 36 is divided by 12/(-18) - 41/z?
10
Let l(i) = -i**2 - 29*i - 44. Let w be l(-28). Calculate the remainder when 56 is divided by -290*(-6)/96 - (-2)/w.
2
Let x(u) = 56*u**3 + 2*u**2 - u - 2. Let j be x(-1). Let o = j + 60. Calculate the remainder when o is divided by 2.
1
Suppose -5*o + w = -2*w - 368, -4*o + 3*w = -295. Calculate the remainder when 282 is divided by o.
63
Suppose 3*v = -3*d, 3*v - 2*v - 5*d = 0. Suppose -3*t + v*t = -111. What is the remainder when t is divided by 11?
4
Let c(y) = 6*y**2 + 19*y - 53. What is the remainder when c(4) is divided by 8?
7
Suppose 19*p = 24*p + 15. Let m = 15 + p. What is the remainder when m is divided by 7?
5
Suppose 0 = 56*v - 47*v - 963. Calculate the remainder when v is divided by 44.
19
Suppose -z + 39 = c, 150 = 4*z - c + 3*c. Let j = 1457 + -1444. Calculate the remainder when z is divided by j.
10
Suppose 4*d - 153 - 5 = -3*k, -3*k + d = -148. Let f = -102 + k. Let w = f - -110. Calculate the remainder when w is divided by 15.
13
Let o = 2415 + -1276. What is the remainder when o is divided by 95?
94
What is the remainder when (-11)/55 + ((-2163)/(-15) - 2) is divided by 38?
28
Let d = -592 + 751. What is the remainder when d is divided by 25?
9
Suppose -12 = -4*q - 12. Let m(p) = -p + 7. Let h be m(5). Suppose j - 30 = -2*t, 2*t - h*j + 1 - 43 = q. What is the remainder when 48 is divided by t?
14
Suppose -3*z - 1 = -7. Suppose 0 = -11*f + z + 42. What is the remainder when 27 is divided by f?
3
Suppose 5*j = 65 + 165. Suppose -2*g - i = i - 44, 5*g - i - 92 = 0. Suppose g = f + 3. Calculate the remainder when j is divided by f.
14
Let q = 95 + -89. Let g(j) = j**3 + 7*j**2 + 10*j + 1. Calculate the remainder when q is divided by g(-5).
0
Let w(g) = 2*g**3 - 6*g - 39. What is the remainder when w(6) is divided by 12?
9
What is the remainder when 550/8 - ((-150)/8)/(-25) is divided by 66?
2
Suppose -9*w + 118 = -44. Calculate the remainder when 197 is divided by w.
17
What is the remainder when 39 is divided by (-5*10/(-25))/((-2)/(-21))?
18
Let c = 179 - 124. What is the remainder when 164 is divided by c?
54
What is the remainder when 251 is divided by (44 + -16)*((-34)/(-8) + -2)?
62
Let j(u) = 28*u + 19. Let k be j(-5). Let z = -100 - k. Calculate the remainder when 57 is divided by z.
15
Let r = -1429 + 1510. Calculate the remainder when 297 is divided by r.
54
Let s(q) = -q**3 - 13*q**2 + 9*q + 7. Let k be s(-14). Suppose 13 - k = -4*d. Let u(p) = -p - 10. What is the remainder when d is divided by u(-19)?
7
Let s(v) = v**2 + 12*v + 28. What is the remainder when 117 is divided by s(-11)?
15
What is the remainder when (926/(-6) - 0)/(62/(-186)) is divided by 31?
29
Suppose -2*q + k + k = -50, -3*q + 4*k + 70 = 0. Let o(t) = -6*t**2 + 3*t - 3. Let r be o(2). Let a = r + 37. Calculate the remainder when q is divided by a.
14
Suppose 4*u = -5*z + 93, 0 = -0*u - 4*u + z + 63. Let f = 52 + 31. Calculate the remainder when f is divided by u.
15
Suppose -5*w = 3*t - 12, -4*w + 1 = 4*t - 7. Calculate the remainder when 13 is divided by (-18)/((-18)/w)*(-10)/(-3).
3
Let a(u) = u**2 - 13. Let m be a(4). Suppose -2*o - 5*i + 29 = 0, -19 = -2*o - m*i - 0*i. Calculate the remainder when 5 is divided by o.
1
Calculate the remainder when 154 is divided by 116/1102 + 1174/38.
30
Suppose -3*y - 2*i + 12 = -10, 0 = 2*y - 2*i + 2. Suppose 0*f - 3*f = -159. Let h = f + -49. What is the remainder when y is divided by h?
0
Suppose -m + 54 = 2*m. Suppose 33 = 4*b + 5*s, 2*b + 0 = 5*s + 9. Let o(u) = 2*u**2 - 8*u - 7. Calculate the remainder when o(b) is divided by m.
17
Let y be ((-20)/8)/(1/(-6)). Suppose 8*u = 5*u + y. Suppose u*q - 15 = -0*q. Calculate the remainder when 13 is divided by q.
1
Suppose -4054*h + 4070*h = 736. What is the remainder when 115 is divided by h?
23
Suppose -5*c - 10 = 0, -3*s - 2*c - 3*c = 22. What is the remainder when (0 + -1)/(-4) + (-247)/s is divided by 34?
28
Let q = 58 + -39. Calculate the remainder when q is divided by (-1)/2*14*-1.
5
Suppose 5*o = 15, -73 = -2*i - 5*o - 0*o. Suppose 6*m - 3*a - 49 = 2*m, a + 38 = 3*m. Suppose -4*t + m = -19. What is the remainder when i is divided by t?
5
Let a(h) = -h**3 + h**2 - 2*h - 25. What is the remainder when a(-7) is divided by 64?
61
Suppose 2*d = -4*o + 214, 2*d - d - 122 = o. What is the remainder when d is divided by 33?
18
Let h = 10 + -6. Suppose -4*d + 10 = -h*i - 2, 3 = i + d. Let t = i + 8. What is the remainder when 14 is divided by t?
6
Let t = 15 - 14. Let p be 13 + 2/(-2) + 3. Let f = t + p. Calculate the remainder when f is divided by 6.
4
Let r = -7 - -10. Suppose 0 = r*q - 22 - 26. Let v = -55 - -84. What is the remainder when v is divided by q?
13
Suppose 0 = -o + 5, 0 = 2*v - 5*o - 44 + 1. Suppose 0 = -59*r + 89*r - 1770. Calculate the remainder when r is divided by v.
25
Let s be 2*(-3)/(-3)*-2. Let l be s/6 - (-1)/(-3). What is the remainder when ((-5)/(25/30))/l is divided by 6?
0
Suppose -5*z + 99 = -31. Let t be 6/(-4) + (-7)/14. What is the remainder when z is divided by 12 + -2 + (-8)/t?
12
Suppose 3*c = 2*q - 56, 2*c = 3*q - 29 - 50. Calculate the remainder when 98 is divided by q.
23
Let w(p) = 6*p**2 - 13*p + 6. Calculate the remainder when w(6) is divided by 15.
9
Let a = 218 + -131. Let p(b) = b**2 - 16*b + 14. What is the remainder when a is divided by p(17)?
25
Let x(o) be the third derivative of 7*o**4/24 - 19*o**3/3 - 22*o**2. Calculate the remainder when 18 is divided by x(7).
7
Let b = -4 - -9. Let c = -54 - -56. Suppose 2*w - c = 4. What is the remainder when b is divided by w?
2
Let w(o) = o**3 + 6*o**2 - 8*o - 7. Let f be w(-7). Suppose 0*u + 10 = 2*u, f = 4*d - 2*u - 270. Calculate the remainder when d is divided by (-3 + 4)/(3/54).
16
Suppose -4*g + g = 2*l - 155, 5*l - 445 = 4*g. Calculate the remainder when 86 is divided by l.
1
Let g = -282 - -298. Calculate the remainder when 37 is divided by g.
5
Let s(f) = 4*f - 4*f**2 - f**3 - 16 - 41*f + 30 - 15*f**2. What is the remainder when s(-17) is divided by 11?
10
Let j = 17 + -6. Let g(i) = i**3 + 5*i**2 - 3*i - 5. Let n be g(-5). Let v(p) = p**2 - 6*p - 9. What is the remainder when v(n) is divided by j?
9
Suppose l + 0*l - 4*k + 13 = 0, -l + k = 13. Let w = -11 - l. Suppose 5*h - s - 108 = 0, -43 = -3*h - w*s + 14. Calculate the remainder when h is divided by 6.
3
Suppose -5*w - 46 = -k +